{"id":47,"date":"2020-11-22T22:33:14","date_gmt":"2020-11-22T21:33:14","guid":{"rendered":"http:\/\/recyclerie-lorguaise.fr\/?page_id=47"},"modified":"2025-03-24T21:34:29","modified_gmt":"2025-03-24T20:34:29","slug":"comment-ca-marche","status":"publish","type":"page","link":"http:\/\/www.recycleriesprovence.fr\/?page_id=47","title":{"rendered":"Comment \u00e7a marche ?"},"content":{"rendered":"\n<p class=\"has-black-color has-text-color\">L\u2019association repose sur la solidarit\u00e9 et les contributions des personnes d\u00e9sireuses \u00e0 la fois de :<\/p>\n\n\n\n<ul><li><span class=\"has-inline-color has-black-color\"><strong><u>S\u2019all\u00e9ger de biens mat\u00e9riels<\/u><\/strong> pour toutes sortes de raisons : vous n\u2019en avez plus l\u2019utilit\u00e9, ce n\u2019est plus \u00e0 votre go\u00fbt, vous d\u00e9m\u00e9nagez, vous n\u2019avez plus la place, vous en avez h\u00e9rit\u00e9 et \u2026<\/span> <\/li><\/ul>\n\n\n\n<ul><li><span class=\"has-inline-color has-black-color\">et <strong><u>faire une \u00ab&nbsp;Bonne Action&nbsp;\u00bb en offrant ce surplus de possessions<\/u><\/strong>, plut\u00f4t que de vous en d\u00e9barrasser \u00e0 la d\u00e9chetterie ou autre lieu de mise \u00e0 mort de l\u2019objet vous offrez une seconde vie \u00e0 l\u2019objet.<\/span><\/li><\/ul>\n\n\n\n<p><span class=\"has-inline-color has-black-color\">Tout cela s\u2019inscrit \u00e0 la fois dans <strong><u>l\u2019\u00e9conomie circulaire<\/u><\/strong> et dans la <strong><u>pr\u00e9vention des d\u00e9chets<\/u><\/strong><\/span><\/p>\n\n\n\n<p class=\"has-vivid-cyan-blue-color has-text-color has-normal-font-size\"><strong>CONCR\u00c8TEMENT<\/strong><\/p>\n\n\n\n<p class=\"has-vivid-green-cyan-color has-text-color\"><span class=\"has-inline-color has-vivid-cyan-blue-color\"><strong>LE <strong>D\u00c9P\u00d4T<\/strong> D&rsquo;OBJETS<\/strong>&nbsp;<\/span><\/p>\n\n\n\n<p><span class=\"has-inline-color has-black-color\"><strong>Nous accueillons vos dons <strong>UNIQUEMENT<\/strong><\/strong><\/span> <span class=\"has-inline-color has-black-color\"><strong>A SALERNES pendant les horaires d&rsquo;ouverture<\/strong><\/span><strong><span class=\"has-inline-color has-black-color\">    <\/span><\/strong>                                                                                     <\/p>\n\n\n\n<p><span class=\"has-inline-color has-black-color\">Si vous avez des objets volumineux, <a href=\"mailto:recycleriesprovence@gmail.com\" target=\"_blank\" rel=\"noreferrer noopener\">contactez-nous<\/a> par mail afin que nous puissions pr\u00e9voir des moyens humains et la place n\u00e9cessaire pour accueillir le ou les objets.<\/span><\/p>\n\n\n\n<p><span class=\"has-inline-color has-black-color\">Si vous souhaitez nous apporter des objets qui ne sont pas particuli\u00e8rement volumineux (un petit meuble, un sac de v\u00eatement, un carton de vaisselle&#8230;) pas besoin de prendre rendez-vous.<\/span><\/p>\n\n\n\n<figure class=\"wp-block-image size-large\"><img loading=\"lazy\" width=\"842\" height=\"607\" src=\"http:\/\/recyclerie-lorguaise.fr\/wp-content\/uploads\/2025\/03\/JPG-OBJETS-ACCEPTES.jpg\" alt=\"\" class=\"wp-image-397\" srcset=\"http:\/\/www.recycleriesprovence.fr\/wp-content\/uploads\/2025\/03\/JPG-OBJETS-ACCEPTES.jpg 842w, http:\/\/www.recycleriesprovence.fr\/wp-content\/uploads\/2025\/03\/JPG-OBJETS-ACCEPTES-300x216.jpg 300w, http:\/\/www.recycleriesprovence.fr\/wp-content\/uploads\/2025\/03\/JPG-OBJETS-ACCEPTES-768x554.jpg 768w\" sizes=\"(max-width: 842px) 100vw, 842px\" \/><\/figure>\n\n\n\n<p><strong><span class=\"has-inline-color has-vivid-cyan-blue-color\">LA VALORISATION<\/span><\/strong><\/p>\n\n\n\n<p class=\"has-black-color has-text-color\">Les objets collect\u00e9s sont parfois en excellent \u00e9tat, et parfois, demandent une r\u00e9vision.<\/p>\n\n\n\n<ul><li><span class=\"has-inline-color has-black-color\">Nous <strong><u>nettoyons l\u2019int\u00e9gralit\u00e9 des dons r\u00e9colt\u00e9s<\/u><\/strong>.<\/span><\/li><\/ul>\n\n\n\n<ul><li><span class=\"has-inline-color has-black-color\">nous <strong><u>testons et r\u00e9visons tous les appareils m\u00e9caniques, \u00e9lectriques et \u00e9lectroniques<\/u><\/strong> qui nous sont apport\u00e9s.<\/span><span class=\"has-inline-color has-black-color\"><\/span><\/li><\/ul>\n\n\n\n<p class=\"has-black-color has-text-color\">Vous souhaitez nous rejoindre et prendre part aux ateliers de valorisation des objets ? Vous \u00eates les bienvenus ! <a href=\"http:\/\/recyclerie-lorguaise.fr\/contact\" data-type=\"URL\" data-id=\"recyclerie-lorguaise.fr\/contact\"><\/a><a href=\"mailto:recycleriesprovence@gmail.com\" target=\"_blank\" rel=\"noreferrer noopener\"><span class=\"has-inline-color has-vivid-cyan-blue-color\">Contactez-nous<\/span><\/a>.<\/p>\n\n\n\n<p><strong><span class=\"has-inline-color has-vivid-cyan-blue-color\">LA VENTE SOLIDAIRE<\/span><\/strong><\/p>\n\n\n\n<p><span class=\"has-inline-color has-black-color\">Les <strong>ventes \u00e0 petits prix<\/strong> dans<strong> nos 3 Boutiques Solidaires : <\/strong><\/span><\/p>\n\n\n\n<ul><li><span class=\"has-inline-color has-black-color\"><strong>\u00e0 la Grande Recyclerie : 1857, route de Draguignan \u00e0 Salernes<\/strong><\/span>,<\/li><li><strong><span class=\"has-inline-color has-black-color\">\u00e0 la Recyclerie Lorguaise : 5, rue Barbacane \u00e0 Lorgues<\/span><\/strong><\/li><li><strong><span class=\"has-inline-color has-black-color\">\u00e0 la Petite Recyclerie : 9 rue des Moulins \u00e0 Tourtour.<\/span><\/strong><\/li><\/ul>\n\n\n\n<p><span class=\"has-inline-color has-black-color\">Nous mettons en vente tous les objets viables et fonctionnels. Nous donnons ainsi  la chance \u00e0 l\u2019objet de retrouver une fonction et surtout, de ne pas devenir un d\u00e9chet de plus \u00e0 dig\u00e9rer par la plan\u00e8te.<\/span><\/p>\n\n\n\n<p><span class=\"has-inline-color has-black-color\">Vous souhaitez nous rejoindre et devenir b\u00e9n\u00e9vole pour la tenue de la boutique ? Vous \u00eates les bienvenus !<\/span> <a href=\"mailto:recycleriesprovence@gmail.com\" target=\"_blank\" rel=\"noreferrer noopener\">Contactez-nous<\/a>.<\/p>\n\n\n\n<p><span class=\"has-inline-color has-black-color\"><\/span><\/p>\n\n\n\n<p><\/p>\n","protected":false},"excerpt":{"rendered":"<p>L\u2019association repose sur la solidarit\u00e9 et les contributions des personnes d\u00e9sireuses \u00e0 la fois de : S\u2019all\u00e9ger de biens mat\u00e9riels pour toutes sortes de raisons : vous n\u2019en avez plus &#8230;<\/p>\n","protected":false},"author":1,"featured_media":0,"parent":0,"menu_order":0,"comment_status":"closed","ping_status":"closed","template":"","meta":[],"_links":{"self":[{"href":"http:\/\/www.recycleriesprovence.fr\/index.php?rest_route=\/wp\/v2\/pages\/47"}],"collection":[{"href":"http:\/\/www.recycleriesprovence.fr\/index.php?rest_route=\/wp\/v2\/pages"}],"about":[{"href":"http:\/\/www.recycleriesprovence.fr\/index.php?rest_route=\/wp\/v2\/types\/page"}],"author":[{"embeddable":true,"href":"http:\/\/www.recycleriesprovence.fr\/index.php?rest_route=\/wp\/v2\/users\/1"}],"replies":[{"embeddable":true,"href":"http:\/\/www.recycleriesprovence.fr\/index.php?rest_route=%2Fwp%2Fv2%2Fcomments&post=47"}],"version-history":[{"count":31,"href":"http:\/\/www.recycleriesprovence.fr\/index.php?rest_route=\/wp\/v2\/pages\/47\/revisions"}],"predecessor-version":[{"id":408,"href":"http:\/\/www.recycleriesprovence.fr\/index.php?rest_route=\/wp\/v2\/pages\/47\/revisions\/408"}],"wp:attachment":[{"href":"http:\/\/www.recycleriesprovence.fr\/index.php?rest_route=%2Fwp%2Fv2%2Fmedia&parent=47"}],"curies":[{"name":"wp","href":"https:\/\/api.w.org\/{rel}","templated":true}]}}

Comment ça marche ?

<p class="has-black-color has-text-color">L’association repose sur la solidarité et les contributions des personnes désireuses à la fois de :</p>



<ul><li><span class="has-inline-color has-black-color"><strong><u>S’alléger de biens matériels</u></strong> pour toutes sortes de raisons : vous n’en avez plus l’utilité, ce n’est plus à votre goût, vous déménagez, vous n’avez plus la place, vous en avez hérité et …</span> </li></ul>



<ul><li><span class="has-inline-color has-black-color">et <strong><u>faire une «&nbsp;Bonne Action&nbsp;» en offrant ce surplus de possessions</u></strong>, plutôt que de vous en débarrasser à la déchetterie ou autre lieu de mise à mort de l’objet vous offrez une seconde vie à l’objet.</span></li></ul>



<p><span class="has-inline-color has-black-color">Tout cela s’inscrit à la fois dans <strong><u>l’économie circulaire</u></strong> et dans la <strong><u>prévention des déchets</u></strong></span></p>



<p class="has-vivid-cyan-blue-color has-text-color has-normal-font-size"><strong>CONCRÈTEMENT</strong></p>



<p class="has-vivid-green-cyan-color has-text-color"><span class="has-inline-color has-vivid-cyan-blue-color"><strong>LE <strong>DÉPÔT</strong> D&rsquo;OBJETS</strong>&nbsp;</span></p>



<p><span class="has-inline-color has-black-color"><strong>Nous accueillons vos dons <strong>UNIQUEMENT</strong></strong></span> <span class="has-inline-color has-black-color"><strong>A SALERNES pendant les horaires d&rsquo;ouverture</strong></span><strong><span class="has-inline-color has-black-color">    </span></strong>                                                                                     </p>



<p><span class="has-inline-color has-black-color">Si vous avez des objets volumineux, <a href="mailto:recycleriesprovence@gmail.com" target="_blank" rel="noreferrer noopener">contactez-nous</a> par mail afin que nous puissions prévoir des moyens humains et la place nécessaire pour accueillir le ou les objets.</span></p>



<p><span class="has-inline-color has-black-color">Si vous souhaitez nous apporter des objets qui ne sont pas particulièrement volumineux (un petit meuble, un sac de vêtement, un carton de vaisselle&#8230;) pas besoin de prendre rendez-vous.</span></p>



<figure class="wp-block-image size-large"><img loading="lazy" width="842" height="607" src="http://recyclerie-lorguaise.fr/wp-content/uploads/2025/03/JPG-OBJETS-ACCEPTES.jpg" alt="" class="wp-image-397" srcset="http://www.recycleriesprovence.fr/wp-content/uploads/2025/03/JPG-OBJETS-ACCEPTES.jpg 842w, http://www.recycleriesprovence.fr/wp-content/uploads/2025/03/JPG-OBJETS-ACCEPTES-300x216.jpg 300w, http://www.recycleriesprovence.fr/wp-content/uploads/2025/03/JPG-OBJETS-ACCEPTES-768x554.jpg 768w" sizes="(max-width: 842px) 100vw, 842px" /></figure>



<p><strong><span class="has-inline-color has-vivid-cyan-blue-color">LA VALORISATION</span></strong></p>



<p class="has-black-color has-text-color">Les objets collectés sont parfois en excellent état, et parfois, demandent une révision.</p>



<ul><li><span class="has-inline-color has-black-color">Nous <strong><u>nettoyons l’intégralité des dons récoltés</u></strong>.</span></li></ul>



<ul><li><span class="has-inline-color has-black-color">nous <strong><u>testons et révisons tous les appareils mécaniques, électriques et électroniques</u></strong> qui nous sont apportés.</span><span class="has-inline-color has-black-color"></span></li></ul>



<p class="has-black-color has-text-color">Vous souhaitez nous rejoindre et prendre part aux ateliers de valorisation des objets ? Vous êtes les bienvenus ! <a href="http://recyclerie-lorguaise.fr/contact" data-type="URL" data-id="recyclerie-lorguaise.fr/contact"></a><a href="mailto:recycleriesprovence@gmail.com" target="_blank" rel="noreferrer noopener"><span class="has-inline-color has-vivid-cyan-blue-color">Contactez-nous</span></a>.</p>



<p><strong><span class="has-inline-color has-vivid-cyan-blue-color">LA VENTE SOLIDAIRE</span></strong></p>



<p><span class="has-inline-color has-black-color">Les <strong>ventes à petits prix</strong> dans<strong> nos 3 Boutiques Solidaires : </strong></span></p>



<ul><li><span class="has-inline-color has-black-color"><strong>à la Grande Recyclerie : 1857, route de Draguignan à Salernes</strong></span>,</li><li><strong><span class="has-inline-color has-black-color">à la Recyclerie Lorguaise : 5, rue Barbacane à Lorgues</span></strong></li><li><strong><span class="has-inline-color has-black-color">à la Petite Recyclerie : 9 rue des Moulins à Tourtour.</span></strong></li></ul>



<p><span class="has-inline-color has-black-color">Nous mettons en vente tous les objets viables et fonctionnels. Nous donnons ainsi  la chance à l’objet de retrouver une fonction et surtout, de ne pas devenir un déchet de plus à digérer par la planète.</span></p>



<p><span class="has-inline-color has-black-color">Vous souhaitez nous rejoindre et devenir bénévole pour la tenue de la boutique ? Vous êtes les bienvenus !</span> <a href="mailto:recycleriesprovence@gmail.com" target="_blank" rel="noreferrer noopener">Contactez-nous</a>.</p>



<p><span class="has-inline-color has-black-color"></span></p>



<p></p>

<p>L’association repose sur la solidarité et les contributions des personnes désireuses à la fois de : S’alléger de biens matériels pour toutes sortes de raisons : vous n’en avez plus &#8230;</p>
