{"id":44,"date":"2020-11-22T22:30:34","date_gmt":"2020-11-22T21:30:34","guid":{"rendered":"http:\/\/recyclerie-lorguaise.fr\/?page_id=44"},"modified":"2025-03-24T21:27:10","modified_gmt":"2025-03-24T20:27:10","slug":"presentation-valeur-ethique","status":"publish","type":"page","link":"http:\/\/www.recycleriesprovence.fr\/?page_id=44","title":{"rendered":"Pr\u00e9sentation, Valeur &#038; \u00e9thique"},"content":{"rendered":"\n<p><strong><span class=\"has-inline-color has-vivid-cyan-blue-color\">UN CONSTAT<\/span><\/strong><\/p>\n\n\n\n<p><span class=\"has-inline-color has-black-color\">Ce projet est n\u00e9 <strong>d\u2019un constat <\/strong>que nous faisons tous&nbsp;:<\/span><\/p>\n\n\n\n<ul><li><span class=\"has-inline-color has-black-color\">Les d\u00e9chetteries, <strong>nos poubelles, sont pleines d&rsquo;objets viables<\/strong>, d\u2019objets utiles, d\u2019objets n\u00e9cessaires<\/span>.<\/li><li><span class=\"has-inline-color has-black-color\">C\u2019est souvent un cr\u00e8ve-c\u0153ur de devoir <strong>jeter des objets en bon \u00e9tat qui \u00ab\u00a0encombrent\u00a0\u00bb<\/strong> nos placards, nos garages et nos caves.<\/span><\/li><li><span class=\"has-inline-color has-black-color\">Par ailleurs, nos budgets ne nous permettent pas toujours de satisfaire nos besoins en \u00e9lectrom\u00e9nager, en meuble, en pu\u00e9riculture, etc.<\/span><\/li><\/ul>\n\n\n\n<p class=\"has-vivid-cyan-blue-color has-text-color\"><strong>NOTRE PROJET<\/strong><\/p>\n\n\n\n<ul><li><span class=\"has-inline-color has-black-color\">Nous souhaitons prendre part \u00e0 ce besoin de <strong>repenser nos modes de consommations<\/strong> en proposant un lieu qui le permette.<\/span><\/li><li><span class=\"has-inline-color has-black-color\">Un lieu qui <strong>mette en lien <\/strong>les personnes d\u00e9sireuses de se d\u00e9barrasser, et les personnes d\u00e9sireuses de trouver des objets 2<sup>\u00e8me<\/sup> main&nbsp;!<\/span><\/li><li><span class=\"has-inline-color has-black-color\">Nous nous inscrivons ainsi dans l&rsquo;<strong>\u00e9conomie circulaire,<\/strong> nous limitons le gaspillage et les d\u00e9chets de fa\u00e7on concr\u00e8te&nbsp;!<\/span><\/li><li><span class=\"has-inline-color has-black-color\">Nous souhaitons nous positionner dans la pr\u00e9vention des d\u00e9chets avec l\u2019envie et l\u2019ambition de <strong>limiter l&rsquo;impact environnemental<\/strong> \u00e0 notre \u00e9chelle.<\/span><\/li><\/ul>\n\n\n\n<p class=\"has-vivid-cyan-blue-color has-text-color\"><strong>NOS ENGAGEMENTS<\/strong><\/p>\n\n\n\n<p class=\"has-black-color has-text-color\">C\u2019est <strong>en tonnes d&rsquo;objets collect\u00e9s puis r\u00e9employ\u00e9s ou r\u00e9utilis\u00e9s que nous mesurons notre impact<\/strong> et que nous pouvons attester de notre utilit\u00e9 \u00e9conomique, sociale et environnementale.<\/p>\n\n\n\n<p class=\"has-black-color has-text-color\">Nous menons des<strong> actions de sensibilisations<\/strong> afin d\u2019informer le plus largement possible des tenants et des aboutissants d\u2019un tel projet et des enjeux dans lesquels il s\u2019inscrit.<\/p>\n\n\n\n<p class=\"has-vivid-cyan-blue-color has-text-color\"><strong>NOS VALEURS<\/strong><\/p>\n\n\n\n<figure class=\"wp-block-image size-large\"><img loading=\"lazy\" width=\"724\" height=\"1024\" src=\"http:\/\/recyclerie-lorguaise.fr\/wp-content\/uploads\/2025\/03\/202504-charte-724x1024.png\" alt=\"\" class=\"wp-image-403\" srcset=\"http:\/\/www.recycleriesprovence.fr\/wp-content\/uploads\/2025\/03\/202504-charte-724x1024.png 724w, http:\/\/www.recycleriesprovence.fr\/wp-content\/uploads\/2025\/03\/202504-charte-212x300.png 212w, http:\/\/www.recycleriesprovence.fr\/wp-content\/uploads\/2025\/03\/202504-charte-768x1086.png 768w, http:\/\/www.recycleriesprovence.fr\/wp-content\/uploads\/2025\/03\/202504-charte-1086x1536.png 1086w, http:\/\/www.recycleriesprovence.fr\/wp-content\/uploads\/2025\/03\/202504-charte-1320x1867.png 1320w, http:\/\/www.recycleriesprovence.fr\/wp-content\/uploads\/2025\/03\/202504-charte.png 1414w\" sizes=\"(max-width: 724px) 100vw, 724px\" \/><\/figure>\n\n\n\n<p><\/p>\n","protected":false},"excerpt":{"rendered":"<p>UN CONSTAT Ce projet est n\u00e9 d\u2019un constat que nous faisons tous&nbsp;: Les d\u00e9chetteries, nos poubelles, sont pleines d&rsquo;objets viables, d\u2019objets utiles, d\u2019objets n\u00e9cessaires. C\u2019est souvent un cr\u00e8ve-c\u0153ur de devoir &#8230;<\/p>\n","protected":false},"author":1,"featured_media":0,"parent":0,"menu_order":0,"comment_status":"closed","ping_status":"closed","template":"","meta":[],"_links":{"self":[{"href":"http:\/\/www.recycleriesprovence.fr\/index.php?rest_route=\/wp\/v2\/pages\/44"}],"collection":[{"href":"http:\/\/www.recycleriesprovence.fr\/index.php?rest_route=\/wp\/v2\/pages"}],"about":[{"href":"http:\/\/www.recycleriesprovence.fr\/index.php?rest_route=\/wp\/v2\/types\/page"}],"author":[{"embeddable":true,"href":"http:\/\/www.recycleriesprovence.fr\/index.php?rest_route=\/wp\/v2\/users\/1"}],"replies":[{"embeddable":true,"href":"http:\/\/www.recycleriesprovence.fr\/index.php?rest_route=%2Fwp%2Fv2%2Fcomments&post=44"}],"version-history":[{"count":11,"href":"http:\/\/www.recycleriesprovence.fr\/index.php?rest_route=\/wp\/v2\/pages\/44\/revisions"}],"predecessor-version":[{"id":404,"href":"http:\/\/www.recycleriesprovence.fr\/index.php?rest_route=\/wp\/v2\/pages\/44\/revisions\/404"}],"wp:attachment":[{"href":"http:\/\/www.recycleriesprovence.fr\/index.php?rest_route=%2Fwp%2Fv2%2Fmedia&parent=44"}],"curies":[{"name":"wp","href":"https:\/\/api.w.org\/{rel}","templated":true}]}}